
Suppose s + 214 = d, 5*s - 185 = 4*d - 1037. What is the tens digit of d?
1
Let j(v) = -v**3 + 7*v**2 - 3*v - 8. Let o be j(6). What is the units digit of (-11 + o)/((-2)/122)?
1
Let d = -22 - -22. Let t be (-2 + 0)*(-8 - d). Suppose 0 = 5*f - 4*h - 228, f - 58 = -h - t. What is the tens digit of f?
4
What is the tens digit of ((-5360)/14)/(64/(-224))?
4
Let n = 25 - 20. Suppose 0*g = n*g - 325. Suppose r = 4*o - g, 2*o + 5*r = 3*o - 2. What is the units digit of o?
7
What is the hundreds digit of (-16)/48 - (-514)/3?
1
Suppose -4*r + 30 + 358 = 0. What is the tens digit of r?
9
Let l(s) = -s**2 - 4*s. Suppose -3*r - 4*v = -0*r - 3, -5*r - 27 = -4*v. What is the units digit of l(r)?
3
Let y = -43 - -49. Suppose 0 = -y*n + 2*n + 5*d + 314, 0 = 4*n - d - 322. What is the tens digit of n?
8
Let y(v) be the third derivative of v**4/8 + v**3/3 + 3*v**2. What is the tens digit of y(6)?
2
Let j = -16 + 26. Let a be 5/(j/4) - -5. Let x = a + 0. What is the units digit of x?
7
Suppose -1303 = 2*z - 5*z - 4*g, 0 = 3*z - 5*g - 1348. What is the tens digit of z?
4
Suppose -5*b - 5*i + 11540 = 0, -i - 5532 = -4*b + 3715. What is the tens digit of b?
1
Let p(o) = 2*o**2 + 43*o + 148. What is the units digit of p(-29)?
3
Suppose 4*j + 4 = 6*j. Let z be 4/(1/(1 - -1)). Let x = z + j. What is the units digit of x?
0
Let j(d) = 811*d**3 - d**2. Let v be j(1). Suppose v = 13*a - 10*a. What is the tens digit of a?
7
Let h(n) = -102*n + 14. What is the hundreds digit of h(-7)?
7
Suppose -2*q = -0*q. Let v be (q - -1)/((-2)/(-8)). Suppose -5*m = 0, 5*m - v = -3*d + d. What is the units digit of d?
2
Let g(x) be the third derivative of 7*x**4/12 + x**3/3 - 12*x**2. Let j be g(5). Suppose 5*a - 2*c + 34 - 415 = 0, a + c = j. What is the tens digit of a?
7
Suppose 2*y - 6*y - 5*k = -3348, -3*y + 2508 = 3*k. What is the tens digit of y?
3
Let q(p) = 7*p - 3. Let f(w) = -6*w + 4. Let k(v) = -4*f(v) - 5*q(v). Let z be k(-2). Suppose 0 = h - z - 12. What is the units digit of h?
3
Let l(k) = k. Let m be l(3). Suppose -2*t = -m*j + 247, -2*j + 93 = -3*t - 70. What is the tens digit of j?
8
Suppose -3*z - z + 8 = 0. Let g(w) = 15*w - 6. Let v(k) = -5*k + 2. Let t(h) = 3*g(h) + 8*v(h). What is the units digit of t(z)?
8
Let u(z) = 4*z**2 + 3*z - 6. Let o be u(8). Suppose q + 3*q = -5*v + o, 0 = -3*v - q + 163. What is the tens digit of v?
5
Suppose -5*i + 2*c + 3375 = 4*c, 2025 = 3*i - 2*c. What is the units digit of i?
5
Let t(j) = 7*j - 25. Suppose 3*h - 3*w = -2*h + 90, -4*w - 90 = -5*h. Let l be t(h). Let c = -45 + l. What is the units digit of c?
6
Let h(s) = 7*s - 2. Let g be h(1). Suppose -5*d - 49 = -4*l, -g*l - 5*d + 20 = -3*d. What is the units digit of l?
6
Let z(g) = -5*g**3 + 14*g**2 - 6*g. Let f be 2/4 - 52/8. Let n(y) = -y**3 + y**2 + 1. Let v(l) = f*n(l) + z(l). What is the units digit of v(-8)?
2
Suppose 0*x - p = 4*x - 4, 4*p = 16. Let f = x - -5. Suppose 0 = -z + f*z - 3*n - 126, 0 = 3*z + 3*n - 84. What is the units digit of z?
0
Let o be 66/176 + (-189)/(-8). Suppose -4*t - o = -6*t. Suppose 0*f = 4*f + t, 0 = -4*z - 3*f + 43. What is the tens digit of z?
1
Let h = -13 - -21. Suppose v = -v + h. Suppose 4*m = -4*w + 36, 5*m - 14 = -2*w + v*m. What is the units digit of w?
5
Let h(p) = 74*p**2 - 22*p + 20. Let o(y) = 49*y**2 - 15*y + 13. Let v(c) = -5*h(c) + 8*o(c). What is the hundreds digit of v(4)?
3
Let f = 62 - 64. What is the tens digit of -2 - -2 - f/((-8)/(-220))?
5
Let j = 1532 + 51. What is the tens digit of j?
8
Let l = 1410 + -586. Suppose -l = 35*o - 39*o. What is the hundreds digit of o?
2
Let k(j) = j**2 - 19*j + 17. Let o be k(17). Let x = o + 18. Suppose -x - 22 = -m. What is the tens digit of m?
2
Let l(n) = 11*n + 3. Let f be -4*3/(-12) + 7. Let s(q) = q**3 - 7*q**2 - 8*q + 3. Let t be s(f). What is the tens digit of l(t)?
3
Suppose 0 = 4*c + c + 20. Let d(l) = l**2 + 2*l + 2. Let k be d(c). Suppose 5*j = 20 + k. What is the units digit of j?
6
Let o(m) = -104*m + 148. What is the units digit of o(-17)?
6
Suppose -30*s = -36*s + 7692. What is the tens digit of s?
8
Suppose 5*d = 228 - 183. Let f(c) = c**3 - 9*c**2 + 21*c + 2. What is the tens digit of f(d)?
9
Let g(b) = 6*b + 1. Suppose -2 + 53 = 3*a. What is the hundreds digit of g(a)?
1
Let q be -269 - ((-2)/(-2) - (-6 + 10)). Let h = 511 + q. What is the hundreds digit of h?
2
Let t(k) = -10*k + 1. Let r = -181 + 104. Let s be (-2)/16 + r/88. What is the units digit of t(s)?
1
Suppose 4 = 5*s - 181. Suppose -a - a - 22 = -4*q, -3*a + 4*q = s. Let y = 29 + a. What is the units digit of y?
4
Let b = 132 + -152. What is the tens digit of (-3)/4 - (1415/b - -6)?
6
Let c(p) be the second derivative of -p**3/3 - 3*p**2/2 - p. Suppose 15*w + 47 = -43. What is the units digit of c(w)?
9
Suppose 2*i = -3*v + 366, 0 = -3*i - 0*i - 3*v + 555. What is the hundreds digit of i?
1
What is the hundreds digit of 1600 + 9/(54/(-4))*-3?
6
Suppose h = 2 + 3. Suppose 2*u + h*q - 5 = 0, -3*q - 8 = -u - 0*q. Suppose -u*z + 80 = 5*c, 2*z - 3*c + 12 = 59. What is the units digit of z?
9
Let z(n) = n**3 - 4*n**2 - 8*n - 7. What is the tens digit of z(9)?
2
Suppose -12 = -2*q + 2. Let d = -8 + q. What is the tens digit of d*(2 - 9)*9?
6
Let v be 1/12*-3*-20. Suppose p + v = -33. What is the units digit of -2*3/4*p?
7
Let p(i) = -i**3 - 2*i**2 - 2*i. Let a be p(-2). Suppose 2*r - 190 = a*y + 54, 3*y = -6. Let h = 171 - r. What is the tens digit of h?
5
Suppose -5*u + 2081 = 2*w, 3*w - 2*w - 1666 = -4*u. What is the tens digit of u?
1
Suppose -3*j + 3*k = -159, 4*j = -0*k - k + 237. Let m = -33 + j. Let n = 51 - m. What is the units digit of n?
6
Suppose -2*x = -6, 0*x - 3*x - 755 = -4*a. What is the hundreds digit of a?
1
Let v(i) = i**3 + 10*i**2 + 6*i - 10. Suppose 0 = -5*r + 3*r - 16. Let q be v(r). Suppose -q = -4*y + 50. What is the tens digit of y?
3
What is the units digit of 2322 + (-6 + 1 - 0) + 1?
8
Suppose 5*a + 6*h = 7*h + 2080, 0 = -2*h + 10. What is the tens digit of a?
1
Let u = 28 + 1. Suppose -q + u = 12. What is the units digit of q?
7
Let c(d) = 142*d**2 - 18*d + 12. What is the units digit of c(5)?
2
Let a = 89 - 64. Suppose 5*r - 15 = a. What is the units digit of r?
8
Let h(s) = 4*s**3 + 3*s**2 + 8*s - 30. What is the tens digit of h(4)?
0
What is the thousands digit of (-13720)/(-112)*(-124)/(-5)?
3
Let x(z) = -z**2 + 10*z + 10. Let u be (-17)/(-4) - 2/8. Suppose -28 = -4*q + u. What is the units digit of x(q)?
6
Suppose -5*r = 3*w - 10, 0*r + 21 = 4*w - r. Suppose 3*f - 298 = -w*y + 5*f, 4*y - 235 = 5*f. What is the units digit of y?
0
Suppose 15*s - 8*s - 2240 = 0. What is the tens digit of s?
2
Let n = 16 + -23. Let h(d) = -d**2 - 7*d + 2. Let k be h(n). Suppose k*j = -3*a + 18, -10 = -5*j + 3*j - a. What is the units digit of j?
3
Let m = -244 + 136. Let u = m + 202. What is the units digit of u?
4
Suppose -1753 = -7*m - 150. What is the tens digit of m?
2
Let q(w) = -20*w + 121. What is the hundreds digit of q(-20)?
5
Suppose 648 = 4*h - 3*x, -4*x + 393 = 5*h - 417. What is the hundreds digit of h?
1
Suppose 0 = -5*w + 3*w + 6. Let u be (60/(-18))/((-2)/w). Let s(o) = 2*o**2 - 16. What is the tens digit of s(u)?
3
Let j be 2 - ((-41)/1)/(-1). Let t(d) = -19*d - 9. Let q be t(3). Let b = j - q. What is the units digit of b?
7
Let d be 9 + (3 - 2) + -5. Suppose -i + 0*i + g - 106 = 0, i - d*g = -90. Let t = i - -174. What is the units digit of t?
4
Let z = 62 + -62. What is the units digit of (-124)/5*(z + (-15)/6)?
2
What is the tens digit of 148/(-6)*12*(-121)/22?
2
Let b = 592 + 51. What is the hundreds digit of b?
6
Suppose 0 = -3*i + 4*m - 56, 5*m - 44 = 2*i + m. Let w = i - -23. What is the units digit of w/(-22)*(-17 + -1)?
9
Let a be (-12)/36 + (-2)/(-6). Suppose a*g - 3 = g. What is the units digit of (-1)/g + (-164)/(-12)?
4
Suppose 504 = 4*j - 752. What is the tens digit of j?
1
Let z(u) = 5*u**3 - 4*u**2 + 12*u - 20. What is the units digit of z(5)?
5
Suppose -3 = 28*x - 29*x. Suppose x*t + 3*t = 294. What is the units digit of t?
9
Let u(g) = -g**2 - 11*g + 24. Let z be u(-13). What is the hundreds digit of 1 - -39*(-6)/z?
1
Let x = -31 - -34. Suppose -4*m + 2*m - 5*g = -66, x*m + 3*g - 90 = 0. Let a = m - 13. What is the units digit of a?
5
Suppose -2*z + 13*m = 11*